sor of 1892 and q?
172
Let m be ((-14)/3)/(2/21). Let x(k) = -k**3 + 56*k + 7. Let l be x(7). Let q = l + m. What is the highest common divisor of q and 35?
7
Let m be (-48)/(-14)*(-16863)/(-99). What is the greatest common factor of m and 1022?
146
Let f = -731 - -875. Calculate the greatest common factor of 54 and f.
18
Suppose -5*w + 15756 = 3*t, -2*t + w = -7870 - 2621. What is the highest common divisor of t and 99?
99
Suppose 25*p = 20*p - 7*v + 78, 3*p - 38 = -2*v. Calculate the greatest common divisor of p and 5490.
10
Let z be (0 - 0) + -1 + 16. Let t be (-2730)/(-2) + -48 + 49. Let g = 1372 - t. What is the highest common factor of z and g?
3
Let a = 5472 - 5104. Suppose -f - 2*h + 7 + 7 = 0, -3*h - 5 = -5*f. What is the greatest common divisor of a and f?
4
Let i be (-2)/9 - (16312/(-18) - (-1266)/(-211)). What is the greatest common factor of i and 276?
12
Let b = 63 + -9. Let a be (b/2 - 3) + -1. Suppose 5*l - a = 32. Calculate the highest common factor of l and 99.
11
Let l = 180 - 169. Let i = 384 - 163. Let b = -122 + i. What is the highest common factor of b and l?
11
Suppose -651 + 2091 = 60*t. Let p be (2 - (1 - -2)) + 13. Calculate the highest common factor of t and p.
12
Suppose 4*x + q = 617, q = 3 + 2. Suppose -2*n = 2*m - 534, -1415*n + 1410*n + 5*m + 1215 = 0. What is the greatest common factor of x and n?
51
Let x be 92 + (1 - (0 - 1)). Let o(t) = t**3 + 12*t**2 - 16*t + 27. Let i be o(-13). Let q = i - -75. Calculate the greatest common factor of q and x.
47
Let w = -243 - -170. Let c = 141 + w. What is the greatest common divisor of c and 51?
17
Suppose 20367 + 381 = 38*u. What is the highest common factor of u and 40?
2
Let a(q) = 10*q + 42 - 11*q**2 + 0*q**2 + 13*q**2. Let w be a(-3). What is the greatest common divisor of 45 and w?
15
Let f be (-8 + -2)*(-5 + 0). Let j be 80 - ((7 - 5) + 2). Suppose 16 = -2*a + j. What is the highest common divisor of f and a?
10
Let z = 22447 + -22384. What is the greatest common divisor of z and 4977?
63
Let a = 3686 - 925. What is the greatest common factor of 11 and a?
11
Let k = 3222 - 680. Suppose -18*t + 770 = -k. Calculate the greatest common divisor of t and 8.
8
Let u(a) = -2*a**2 + 20*a - 14. Let j be u(9). Suppose 4 = -2*m, -j*f + m + 42 = 2*m. Calculate the highest common factor of f and 187.
11
Let h be (676/(-5))/(16/480*-6). What is the greatest common factor of h and 104?
52
Suppose 8*m = m + 49. Let l be 3 - 13/((-26)/24). Suppose -l = -5*o + 20. Calculate the greatest common divisor of o and m.
7
Suppose 0 = -o - d + 21, 0 = -4*d - 44 + 64. What is the highest common factor of 4528 and o?
16
Let r(h) = -h**3 + 61*h**2 + 564*h + 23. Let u be r(69). What is the greatest common divisor of u and 148?
37
Suppose -w = 4*o - 121, 8*o + 84 = 11*o + 3*w. Suppose -463 - 11317 = -o*c. Calculate the highest common factor of 60 and c.
20
Let k be (16/(-20))/((2/20)/(1/(-4))). Let y(h) = h**3 + 5*h**2 - 2. Let q be y(-3). What is the greatest common factor of q and k?
2
Suppose 5*f - h + 4*h = 1244, -2*h + 747 = 3*f. Calculate the greatest common factor of f and 169.
13
Let w be 30 - 5/((-5)/(-2)). Let p be (45/12)/(-5) + (22 - 1577/(-76)). What is the highest common divisor of w and p?
14
Let c(s) = s**3 - 5*s**2 - 4*s + 51. Let a be c(3). Calculate the highest common factor of a and 537.
3
Let t(s) = 87*s - 499. Let c be t(6). Suppose -5*a + 368 = -4*a. Calculate the greatest common divisor of a and c.
23
Suppose 2*r = 6*r - 5*k - 74, -k - 20 = -r. What is the greatest common divisor of 8437 and r?
13
Suppose 0 = 14*m - 20*m - 36. Let q(k) = -21*k - 118. Let s be q(m). Calculate the greatest common factor of 56 and s.
8
Let a be 1/((-1)/(-1))*(-7280)/(-80). Let w be a + (-180)/162 + 3/27. Calculate the highest common factor of 126 and w.
18
Suppose 5*p - 272 - 178 = -5*f, 2*p = -f + 177. Calculate the highest common divisor of 1 and p.
1
Let t be 2 + -1 + -15 + 2. Let l = t - -22. Let s be 9604/476 - 3/17. Calculate the highest common factor of s and l.
10
Suppose 5*n = a - 13, a + 4*n - n - 21 = 0. Let b = a + 4. Suppose w = m + 5*w - b, -m - w + 28 = 0. What is the highest common factor of m and 60?
30
Let t(s) = -s**2 + 12*s - 10. Let a be t(10). Let n be (-206)/(-3) - 1/(-18)*6. Let r = 119 - n. Calculate the highest common factor of r and a.
10
Let q be 0*1/(3 - 5). Suppose -2652 = -3*j - 5*s, q*j + j = -5*s + 884. What is the greatest common factor of 13 and j?
13
Let o = 12329 - 12323. What is the highest common divisor of 6048 and o?
6
Let y be (-4953)/26*(64/(-6) - -8). Calculate the greatest common factor of 4953 and y.
127
Let i = -3392 - -3496. Calculate the greatest common factor of 2132 and i.
52
Let x be (-4)/6*(-6)/1. Suppose f + i = -x, 3*f - i + 37 = i. Let d be 3 + (-6)/(-3*(-6)/f). Calculate the greatest common factor of 24 and d.
6
Suppose -5*x + 9*x - 480 = 0. Suppose w = 5*v - 120, 4*w = -4*v - v + x. Let o be (1*(-70)/25)/(49/(-210)). Calculate the highest common divisor of v and o.
12
Let w(x) = x**3 + 4*x**2 + x + 1. Let c be w(-3). Let k be 877/c + (-66)/231. What is the greatest common divisor of 5 and k?
5
Suppose -3*r = -6, 164*h + 3*r = 159*h + 71. Let l = -36 - -140. What is the greatest common factor of l and h?
13
Suppose 0*i + 16 = 3*i + 2*g, -23 = -4*i - 3*g. Let x = 27 + i. Suppose -6*s + 3*s + 5*t + 256 = 0, 0 = -5*t + 5. What is the highest common divisor of s and x?
29
Let x = 173 + -179. Let m be 5/((-105)/x) - 1164/(-42). What is the highest common factor of 14 and m?
14
Suppose -16*f + 2*l + 63 = -13*f, l = -5*f + 105. Let c(z) = -z - 8. Let n be c(-7). Let a = n + f. What is the highest common divisor of 100 and a?
20
Suppose 0 = g - 3*g - 3*y + 125, 4*g + 4*y = 252. Calculate the greatest common divisor of 1600 and g.
64
Let c(q) = 14*q + 63. Let w be c(-4). Let a(u) = u**3 - 8*u**2 + 15*u - 11. Let h be a(w). Calculate the highest common divisor of 99 and h.
9
Let m(y) = 2*y + 54. Let w be m(12). Suppose w*b - 480 = 72*b. What is the greatest common factor of 72 and b?
8
Let n(v) = 3*v**3 + 47*v**2 + 39*v + 19. Let s be n(-13). Calculate the highest common divisor of 128 and s.
32
Let h = -1374 - -1425. What is the greatest common divisor of 255 and h?
51
Let z be (1*-118)/(26/13). Let b = 97 + z. Suppose b + 18 = 8*o. What is the greatest common factor of 91 and o?
7
Let y be 346/(-692)*(-62 + 2). Calculate the highest common divisor of y and 9555.
15
Let l(q) = -32*q - 3. Let s be l(-4). Suppose -118*f = -s*f + 700. Let b be (2*26 - 2)/2. Calculate the highest common divisor of f and b.
25
Suppose 311190 = 31*f + 102*f - 10*f. What is the highest common divisor of 30 and f?
10
Suppose 0 = 87*p + 439 - 2149 - 726. Let d be (56/(-2))/(-2 - -1). What is the greatest common divisor of p and d?
28
Let u be 5/(-4) + 120/(-32). Let q(a) = a**2 + 4*a + 37. Let z be q(u). Let p be (2 - 1) + 13*1. Calculate the highest common factor of z and p.
14
Let d = 4294 + -4009. What is the greatest common factor of 420 and d?
15
Suppose -1224 + 366 = -6*y. Let f = -98 + y. What is the greatest common factor of f and 153?
9
Let r = 2797 + -2773. Calculate the greatest common factor of r and 1356.
12
Let o = 247 - -3795. What is the highest common factor of 86 and o?
86
Let n = -13025 - -13062. Suppose w = -z + 5*z + 300, 3*z + 3 = 0. Calculate the highest common factor of w and n.
37
Suppose 952*i + 951*i = 1900*i + 120. Let a be 0 + 1 - (-2 - -1). Suppose f = -1 - 3, 2 = 2*q + a*f. What is the highest common factor of q and i?
5
Let h(f) = 346*f**2 - 3*f + 3. Let v(b) = 693*b**2 - 5*b + 6. Let r(k) = -11*h(k) + 6*v(k). Let t be r(-1). What is the highest common divisor of t and 22?
22
Let k = 544 + -504. Suppose -c + 145 + 55 = 0. What is the highest common divisor of c and k?
40
Suppose -14*t + 325 + 95 = 0. Suppose 23*b = t*b - 77. Calculate the highest common divisor of b and 99.
11
Suppose -f - 65 = -5*y, 30*y - 4*f = 25*y + 80. Suppose -5*i + 8 = -3*k - 278, 214 = 4*i + 5*k. Let t = i - y. What is the highest common divisor of 11 and t?
11
Let f be 32/10*110/4. Suppose 735 = -8*a + 15*a. Suppose -a = 5*b - 160. What is the highest common divisor of b and f?
11
Let u be 33/2 + 9/18. Let z = 16833 - 15745. What is the greatest common di